4)?
17
Let g(d) = -d**3 - 12*d**2 - 37*d - 7. Give g(-7).
7
Let p(n) = n**3 - 3*n**2 - n. What is p(-2)?
-18
Let r(t) = -4*t**3 - 100*t**2 + 3*t + 77. Give r(-25).
2
Let t(i) = 3*i - 18. Calculate t(9).
9
Let g(h) = -h**3 + 6*h**2 + 13*h - 9. Determine g(8).
-33
Let x(h) = -h**2 - 12. Calculate x(0).
-12
Let m(n) = -n**2 - 5*n - 9. Give m(-8).
-33
Let j(l) = l**2 - 8*l + 18. Determine j(9).
27
Let u(j) = -j**3 + 3*j**2 - 15*j + 24. Determine u(2).
-2
Let v(m) = 3*m**2 + 18*m + 28. Calculate v(-8).
76
Let u(z) = -4*z - 25. Calculate u(14).
-81
Let z(x) = -x**2 + 8*x + 6. Determine z(9).
-3
Let s(l) = 4*l**3 + 60*l**2 - 3*l - 37. Give s(-15).
8
Let x(r) = 4*r + 46. Calculate x(-11).
2
Let c(w) = -18*w**3 - 2*w**2 + 2*w - 1. Calculate c(1).
-19
Let j(w) = w**3 - 8*w**2 + 4*w + 5. What is j(7)?
-16
Let o(n) = -11*n**2 - n - 2. Determine o(-1).
-12
Let u(s) = -s + 29. Calculate u(-19).
48
Let s(t) = 13*t + 3. What is s(3)?
42
Let y(a) = -9*a + 140. What is y(15)?
5
Let b(n) = -2*n**2 - 19*n - 17. What is b(-7)?
18
Let s(m) = 9*m**2 + 30*m + 4. Determine s(-3).
-5
Let t(x) = 2*x - 7. Give t(-12).
-31
Let i(p) = -p + 31. Determine i(21).
10
Let q(r) = -2*r**3 + 3*r**2 - 5*r + 7. What is q(2)?
-7
Let d(j) = j**3 - 6*j**2 + 11*j - 8. What is d(5)?
22
Let y(z) = -z - 1. Give y(1).
-2
Let v(g) = -3*g**2 - 42*g + 9. Calculate v(-14).
9
Let n(d) = -4*d**2 - 5*d + 16. What is n(2)?
-10
Let o(j) = j**3 + 12*j**2 - 4*j - 23. Determine o(-12).
25
Let h(m) = -4*m**2 - 5*m + 7. Give h(-4).
-37
Let g(s) = s**3 - s**2 + s - 66. What is g(0)?
-66
Let k(r) = -r - 21. Give k(-17).
-4
Let k(y) = -y**2 - 9*y + 4. Give k(-10).
-6
Let k(a) = a**2 + a - 35. Determine k(-6).
-5
Let o(d) = -4*d - 57. Determine o(-13).
-5
Let w(v) = -v**2 + v + 1. What is w(2)?
-1
Let p(k) = k - 8. Calculate p(6).
-2
Let m(r) = 13*r**3 - 2*r**2 - r + 1. Determine m(-1).
-13
Let f(v) = -34*v**2 - 4*v - 3. Calculate f(-1).
-33
Let o(n) = -2*n**2 + 16*n - 10. Determine o(8).
-10
Let n(m) = m**2 + 2*m. What is n(-3)?
3
Let y(i) = 47*i**2 - 2*i - 1. Give y(-1).
48
Let n(s) = s**2 + 4*s - 11. Determine n(6).
49
Let h(m) = -m**3 + 7*m**2 + 5*m + 5. Calculate h(8).
-19
Let z(h) = -18*h - 55. Give z(-2).
-19
Let m(j) = 2*j**2 - 15*j - 23. What is m(9)?
4
Let h(z) = -z**3 + 12*z**2 - 16*z + 5. Calculate h(11).
-50
Let w(h) = -13*h**3 - h**2. What is w(-1)?
12
Let k(d) = -2*d**2 - 72*d - 316. What is k(-5)?
-6
Let m(a) = 16*a + 6. Determine m(3).
54
Let j(c) = c**3 + c**2 + 20*c - 2. Give j(0).
-2
Let w(j) = 5*j - 18. What is w(8)?
22
Let w(r) = 63*r - 4. What is w(-1)?
-67
Let o(f) = -f - 11. Calculate o(5).
-16
Let q(y) = 3*y**2 - 10*y - 9. Calculate q(-1).
4
Let r(n) = 22*n - 5. Determine r(-1).
-27
Let k(w) = 4*w + 3. Determine k(-3).
-9
Let x(v) = v**2 + 8*v + 9. What is x(-6)?
-3
Let b(w) = -w - 5. What is b(10)?
-15
Let y(p) = p - 3. Calculate y(1).
-2
Let f(y) = y**3 + 7*y**2 + 9*y - 4. Determine f(-3).
5
Let g(y) = y**3 + 10*y**2 + 25*y + 24. What is g(-7)?
-4
Let i(a) = a**3 + 8*a**2 + 18*a + 8. What is i(-5)?
-7
Let p(n) = -110*n**2 + 3. Calculate p(1).
-107
Let y(f) = -9*f + 114. What is y(14)?
-12
Let l(m) = m**2 - 9*m - 39. Give l(-3).
-3
Let b(h) = 59*h + 2. Give b(-1).
-57
Let x(v) = 151*v - 1070. What is x(7)?
-13
Let k(l) = -3*l**2 + 5*l - 10. Determine k(2).
-12
Let o(p) = -p**3 - 12*p**2 - p + 22. What is o(-12)?
34
Let b(h) = 2*h**3 - 12*h**2 - 14*h - 2. Calculate b(7).
-2
Let l(k) = k + 15. Calculate l(-6).
9
Let p(b) = b**3 - 29*b**2 + b - 24. Calculate p(29).
5
Let f(d) = d**3 - 8*d**2 - 13*d - 4. What is f(7)?
-144
Let g(s) = -2*s**2 - 20*s - 12. What is g(-8)?
20
Let r(b) = 7*b - 38. Give r(5).
-3
Let u(c) = -c**3 - 9*c**2 - 7*c + 27. Calculate u(-8).
19
Let t(z) = -z**3 - 9*z**2 - 2*z - 19. Give t(-9).
-1
Let a(d) = 7*d - 20. What is a(6)?
22
Let c(d) = d**2 - 10*d + 2. What is c(9)?
-7
Let p(i) = i**3 + 18*i**2 - 40*i - 19. Give p(-20).
-19
Let t(k) = 10*k + 78. Determine t(-8).
-2
Let m(g) = g - 23. Calculate m(0).
-23
Let u(t) = t**3 + 28*t**2 + 29*t + 48. Calculate u(-27).
-6
Let x(u) = -u**3 - 6*u**2 - 4*u + 2. What is x(-4)?
-14
Let n(j) = 12*j - 1. What is n(1)?
11
Let k(q) = 9*q**3 - 1. Give k(1).
8
Let y(r) = -r**3 - 8*r**2 - 5. Give y(-8).
-5
Let p(x) = -3*x**2 + 5*x - 8. Calculate p(4).
-36
Let j(h) = -h**3 - 5*h**2 - 4*h - 1. What is j(-3)?
-7
Let h(i) = i**3 - 9*i**2 - i + 7. Determine h(4).
-77
Let v(r) = r + 18. Give v(-8).
10
Let v(r) = -r**2 + 8*r + 12. What is v(10)?
-8
Let y(z) = z**3 - 10*z**2 + 3*z + 2. Give y(9).
-52
Let m(c) = -c**2 - 3*c + 154. Give m(10).
24
Let m(v) = v**3 + 7*v**2 - 9*v - 1. Determine m(-8).
7
Let h(r) = 2*r**2 - 19*r + 31. What is h(8)?
7
Let c(m) = m**2 + 19*m + 23. What is c(-18)?
5
Let g(j) = -2*j**3 - 7*j**2 - j + 4. Calculate g(-3).
-2
Let a(o) = o**2 - 8*o - 123. Calculate a(-8).
5
Let a(d) = 2*d**3 - d**2 - 2*d - 1. Determine a(2).
7
Let g(z) = -97*z**2 - 6*z - 7. Calculate g(-1).
-98
Let w(x) = 59*x - 226. Determine w(4).
10
Let w(d) = 4*d - 55. Give w(19).
21
Let m(j) = -13*j - 1. Give m(-5).
64
Let a(v) = -2*v**3 + 4*v**2 - v + 7. Give a(3).
-14
Let d(r) = -14*r - 120. Give d(-9).
6
Let n(c) = 2*c**3 - 11*c**2 - c - 8. Give n(6).
22
Let q(r) = -r**3 - 11*r**2 + 20*r - 28. Give q(-13).
50
Let c(t) = -4*t + 8. Determine c(1).
4
Let a(k) = 4*k + 4. Calculate a(-2).
-4
Let f(o) = o**2 - 4*o - 12. Calculate f(10).
48
Let j(w) = -w**2 + 2*w - 1. Give j(3).
-4
Let y(j) = -12*j + 413. Determine y(34).
5
Let u(v) = v**2 - 2*v - 6. What is u(-5)?
29
Let m(t) = -t**3 + 13*t**2 - 14*t + 3. What is m(12)?
-21
Let w(k) = -4*k**3 + 13*k**2 + 4*k - 7. Give w(3).
14
Let i(p) = p**3 + 13*p**2 + 10*p - 9. Calculate i(-12).
15
Let o(n) = -3*n - 4. Calculate o(15).
-49
Let y(t) = -t**3 + 16*t**2 + 16*t + 11. Determine y(17).
-6
Let o(d) = -22*d + 200. Determine o(10).
-20
Let p(y) = y**3 - 21*y**2 + y - 34. Determine p(21).
-13
Let b(k) = k**3 - 6*k**2 - 2*k - 7. Calculate b(6).
-19
Let n(p) = -p**3 + 27*p**2 - 2*p + 46. What is n(27)?
-8
Let t(g) = -15*g + 2. What is t(2)?
-28
Let k(q) = 2*q**2 - q + 8. Give k(4).
36
Let q(a) = a**2 - 6*a. Give q(5).
-5
Let m(k) = k + 11. Determine m(-8).
3
Let p(q) = 10*q - 1. What is p(3)?
29
Let w(c) = c**2 - 5*c - 6. Calculate w(5).
-6
Let x(g) = -g + 2. Determine x(15).
-13
Let t(h) = -h**2 + 79*h - 379. Calculate t(5).
-9
Let a(u) = u - 29. Give a(12).
-17
Let x(q) = q + 52. What is x(-13)?
39
Let k(n) = 33*n - 98. Determine k(5).
67
Let w(l) = -2*l**2 + 3*l - 5. Calculate w(0).
-5
Let m(p) = p**3 + 4*p**2 - 6*p - 1. What is m(-5)?
4
Let m(r) = r**2 - 10*r - 3. Give m(10).
-3
Let x(u) = -u**2 - 15*u - 55. Determine x(-9).
-1
Let x(b) = 32*b**3 + 1. Give x(-1).
-31
Let r(x) = -x**3 - 10*x**2 + 10*x - 19. Determine r(-11).
-8
Let l(o) = -2*o**2 - 4*o - 8. Calculate l(-6).
-56
Let h(i) = -i**3 + 2*i**2 + 9*i - 5. Determine h(3).
13
Let s(i) = -2*i**3 - 4*i**2 + 9*i + 30. Determine s(-3).
21
Let t(j) = j**3 + 2*j**2 + 2*j - 3. Determine t(-3).
-18
Let y(b) = -b**2 - 15*b + 41. What is y(-20)?
-59
Let i(x) = 7*x**3 + 26*x**2 + 17. Determine i(-4).
-15
Let g(v) = -v**2 + 13*v - 33. Give g(8).
7
Let r(g) = -g**3 + 3*g**2 - 2*g + 8. Give r(4).
-16
Let p(y) = y**3 - 5*y**2 + y - 11. Determine p(5).
-6
Let t(h) = -2*h**3 - 21*h**2 + 14*h - 11. Calculate t(-11).
-44
Let b(d) = d**3 + 9*d**2 - 13*d - 20. Give b(-10).
10
Let p(d) = 112*d + 554. Give p(-5).
-6
Let h(t) = 4*t - 34. What is h(15)?
26
Let n(j) = -j**2 - 11*j + 16. Give n(-14).
-26
Let x(j) = -2*j**2 + 4*j + 11. Calculate x(5).
-19
Let w(n) = 6*n + 29. Determine w(0).
29
Let m(u) = -4*u**2 + 73*u - 22. Determine m(18).
-4
Let s(l) = -22*l + 4. What is s(-3)?
70
Let y(v) = -v**2 - 9*v + 36. Determine y(-18).
-126
Let o(t) = -t**2 + 6*t - 1. Calculate o(6).
-1
Let r(i) = i**3 + 10*i**2 - 4*i - 43. Give r(-10).
-3
Let q(a) = a**2 - 9*a - 33. What is q(13)?
19
Let h(a) = -3*a + 103. Give h(30).
13
Let h(n) = 3*n - 9. Determine h(-7).
-30
Let t(v) = -98*v + 787. What is t(8)?
3
Let u(p) = p**2 - 9*p + 11. Determine u(5).
-9
Let y(q) = q**3 - 8*q**2 - 2*q + 99. What is y(6)?
15
Let j(l) = 16*l + 82. Give j(-4).
18
Let b(l) = -2*l**2 - 7*l + 61. Determine b(-7).
12
Let p(j) = -j**3 - 9*j**2 - j - 10. Calculate p(-9).
-1
Let z(f) = f**2 + 26*f + 51. Calcul